{"id":3,"date":"2025-02-21T15:56:25","date_gmt":"2025-02-21T15:56:25","guid":{"rendered":"https:\/\/new.walser.de\/?page_id=3"},"modified":"2025-03-21T13:59:13","modified_gmt":"2025-03-21T13:59:13","slug":"impressum","status":"publish","type":"page","link":"http:\/\/www.walser.de\/index.php\/impressum\/","title":{"rendered":"Impressum"},"content":{"rendered":"\n<h2 class=\"wp-block-heading\">Impressum<\/h2>\n\n\n\n<p>WALSER GmbH &amp; Co. KG<br>Seestr. 131<br>D-86938 Schondorf<\/p>\n\n\n\n<div class=\"wp-block-columns is-layout-flex wp-container-core-columns-is-layout-28f84493 wp-block-columns-is-layout-flex\">\n<div class=\"wp-block-column is-layout-flow wp-block-column-is-layout-flow\" style=\"flex-basis:15%\">\n<p>E-Mail:<\/p>\n<\/div>\n\n\n\n<div class=\"wp-block-column is-layout-flow wp-block-column-is-layout-flow\" style=\"flex-basis:85%\">\n<figure class=\"wp-block-image alignleft is-resized\"><img loading=\"lazy\" decoding=\"async\" width=\"202\" height=\"40\" src=\"http:\/\/www.walser.de\/wp-content\/uploads\/2025\/02\/email-walser.png\" alt=\"\" class=\"wp-image-31\" style=\"width:126px;height:auto\"\/><\/figure>\n<\/div>\n<\/div>\n\n\n\n<p>Registergericht: Augsburg<br>Registernummer: HRA 19593<\/p>\n\n\n\n<p>Die WALSER GmbH &amp; Co. KG wird vertreten durch die pers\u00f6nlich haftende Gesellschafterin:<br>Walser Verwaltungs GmbH,<br>Registergericht: Augsburg<br>Registernummer: HRB 32746<\/p>\n\n\n\n<p>Diese wiederum wird vertreten durch die Gesch\u00e4ftsf\u00fchrer:<br>Niclas Walser<\/p>\n\n\n\n<p>Umsatzsteuer-Identifikationsnummer gem\u00e4\u00df \u00a7 27 a Umsatzsteuergesetz: DE233863659<\/p>\n","protected":false},"excerpt":{"rendered":"<p>Impressum WALSER GmbH &amp; Co. KGSeestr. 131D-86938 Schondorf E-Mail: Registergericht: AugsburgRegisternummer: HRA 19593 Die WALSER GmbH &amp; Co. KG wird vertreten durch die pers\u00f6nlich haftende Gesellschafterin:Walser Verwaltungs GmbH,Registergericht: AugsburgRegisternummer: HRB 32746 Diese wiederum wird vertreten durch die Gesch\u00e4ftsf\u00fchrer:Niclas Walser Umsatzsteuer-Identifikationsnummer gem\u00e4\u00df \u00a7 27 a Umsatzsteuergesetz: DE233863659<\/p>\n","protected":false},"author":1,"featured_media":0,"parent":0,"menu_order":0,"comment_status":"closed","ping_status":"closed","template":"","meta":{"footnotes":""},"class_list":["post-3","page","type-page","status-publish","hentry"],"_links":{"self":[{"href":"http:\/\/www.walser.de\/index.php\/wp-json\/wp\/v2\/pages\/3","targetHints":{"allow":["GET"]}}],"collection":[{"href":"http:\/\/www.walser.de\/index.php\/wp-json\/wp\/v2\/pages"}],"about":[{"href":"http:\/\/www.walser.de\/index.php\/wp-json\/wp\/v2\/types\/page"}],"author":[{"embeddable":true,"href":"http:\/\/www.walser.de\/index.php\/wp-json\/wp\/v2\/users\/1"}],"replies":[{"embeddable":true,"href":"http:\/\/www.walser.de\/index.php\/wp-json\/wp\/v2\/comments?post=3"}],"version-history":[{"count":5,"href":"http:\/\/www.walser.de\/index.php\/wp-json\/wp\/v2\/pages\/3\/revisions"}],"predecessor-version":[{"id":47,"href":"http:\/\/www.walser.de\/index.php\/wp-json\/wp\/v2\/pages\/3\/revisions\/47"}],"wp:attachment":[{"href":"http:\/\/www.walser.de\/index.php\/wp-json\/wp\/v2\/media?parent=3"}],"curies":[{"name":"wp","href":"https:\/\/api.w.org\/{rel}","templated":true}]}}