{"id":2,"date":"2025-02-21T15:56:25","date_gmt":"2025-02-21T15:56:25","guid":{"rendered":"https:\/\/new.walser.de\/?page_id=2"},"modified":"2025-02-27T09:56:39","modified_gmt":"2025-02-27T09:56:39","slug":"informationen-von-walser","status":"publish","type":"page","link":"https:\/\/www.walser.de\/","title":{"rendered":"Die WALSER GmbH &amp; Co. KG hat ihren Gesch\u00e4ftsbetrieb eingestellt"},"content":{"rendered":"\n<div style=\"height:100px\" aria-hidden=\"true\" class=\"wp-block-spacer\"><\/div>\n\n\n\n<h2 class=\"wp-block-heading has-text-align-center\">R\u00fccksendungen<\/h2>\n\n\n\n<p class=\"has-text-align-center\">Sehr geehrte Kundin, sehr geehrter Kunde,<\/p>\n\n\n\n<p class=\"has-text-align-center\">um Ihre R\u00fccksendung von Reparaturware m\u00f6glichst effizient bearbeiten zu k\u00f6nnen, bitten wir Sie, sich zun\u00e4chst per E-Mail an\u00a0<strong><a href=\"mailto:service@fotowalser.com\">service@fotowalser.de<\/a><\/strong>\u00a0zu wenden. Geben Sie dort bitte eine detaillierte Beschreibung des Problems an, damit wir Ihnen eine RMA-Nummer (Warenr\u00fccksendegenehmigungs-Nummer) zuweisen k\u00f6nnen. Bitte beachten Sie, dass nur Waren innerhalb der Garantiezeit eingesendet werden d\u00fcrfen bzw. bearbeitet werden.\u00a0<\/p>\n\n\n\n<p class=\"has-text-align-center\">Bitte beachten Sie, dass R\u00fccksendungen ohne vorherige RMA-Nummer leider nicht angenommen werden k\u00f6nnen.&nbsp;<\/p>\n\n\n\n<p class=\"has-text-align-center\"><strong>F\u00fcr Walser Autositzbez\u00fcge und Zubeh\u00f6r sind wir nicht der richtige Ansprechpartner. Bitte wenden Sie sich an die&nbsp;<u><a href=\"https:\/\/www.walser-shop.com\/ueber-walser\/impressum\/\">Walser GmbH \u00d6sterreich<\/a>.<\/u><\/strong><\/p>\n\n\n\n<p class=\"has-text-align-center\">Vielen Dank f\u00fcr Ihr Verst\u00e4ndnis und Ihre Mithilfe.<\/p>\n\n\n\n<p class=\"has-text-align-center\">Mit freundlichen Gr\u00fc\u00dfen<\/p>\n\n\n\n<p class=\"has-text-align-center\"><strong>Ihre<br>Walser GmbH &amp; Co. KG<\/strong><\/p>\n\n\n\n<p><\/p>\n\n\n\n<div style=\"height:100px\" aria-hidden=\"true\" class=\"wp-block-spacer\"><\/div>\n\n\n\n<p><\/p>\n\n\n\n<p><\/p>\n\n\n\n<p><\/p>\n\n\n\n<h2 class=\"wp-block-heading has-text-align-center\">Pressemitteilung<\/h2>\n\n\n\n<p class=\"has-text-align-center\">Eschweiler, 17.09.2024<\/p>\n\n\n\n<p class=\"has-text-align-center\"><strong><u>Walser GmbH (Eschweiler) \u00fcbernimmt die Gesch\u00e4ftst\u00e4tigkeit der Walser GmbH &amp; Co. KG (Gersthofen) zum 01. Oktober 2024<\/u><\/strong><\/p>\n\n\n\n<p class=\"has-text-align-center\">Die Walser GmbH, eine neu gegr\u00fcndete Schwesterfirma der Wiltec Wildanger Technik GmbH, hat die Walser GmbH &amp; Co. KG mit Sitz in Gersthofen \u00fcbernommen. Mit dieser \u00dcbernahme wird die Walser GmbH &amp; Co. KG unter der Leitung der Walser GmbH fortgef\u00fchrt. Diese strategische Akquisition markiert einen wichtigen Meilenstein f\u00fcr beide Unternehmen und unterstreicht die Expansionspl\u00e4ne der Unternehmensgruppe.<\/p>\n\n\n\n<p class=\"has-text-align-center\">Bernd Wildanger, Gesch\u00e4ftsf\u00fchrer der Wiltec Wildanger Technik GmbH, sieht in dieser \u00dcbernahme ein bedeutendes Wachstumspotenzial: \u201eMit der Gr\u00fcndung der Walser GmbH und der Integration der Walser GmbH &amp; Co. KG werden wir unsere Kompetenzen und Ressourcen effizient b\u00fcndeln, um in Zukunft noch leistungsf\u00e4higer und kundenorientierter zu agieren. Wir freuen uns darauf, das erfolgreiche Gesch\u00e4ft der Walser GmbH &amp; Co. KG weiterzuf\u00fchren und weiter auszubauen.\u201c<\/p>\n\n\n\n<p class=\"has-text-align-center\">Die Walser GmbH wird die bestehenden Gesch\u00e4ftsprozesse der Walser GmbH &amp; Co. KG in Gersthofen \u2013 nahezu nahtlos \u2013 weiterf\u00fchren und ihren Kunden weiterhin den gewohnten hohen Qualit\u00e4tsstandard bieten. Durch die enge Zusammenarbeit mit der Wiltec Wildanger Technik GmbH, einem f\u00fchrenden Unternehmen im technischen Versandhandel, wird die Walser GmbH ihre Marktposition weiter festigen und neue Chancen in der Branche erschlie\u00dfen.<\/p>\n\n\n\n<p class=\"has-text-align-center\">\u201eDie \u00dcbernahme durch die Walser GmbH und die Zusammenarbeit mit der Wiltec Wildanger Technik GmbH er\u00f6ffnet uns neue Perspektiven und M\u00f6glichkeiten, unser Gesch\u00e4ft weiterzuentwickeln. Durch die Integration in die Walser GmbH werden wir in der Lage sein, unsere bew\u00e4hrten Strukturen und unser Know-how mit der Dynamik und Innovationskraft unserer neuen Partner zu kombinieren. Ich bin \u00fcberzeugt, dass diese Synergie unseren Kunden und Partnern zus\u00e4tzliche Vorteile bringen und uns gemeinsam auf Erfolgskurs halten wird. Es ist ein aufregender Schritt in eine vielversprechende Zukunft.\u201c sagt Niclas Walser, Gesch\u00e4ftsf\u00fchrer und Inhaber der Walser GmbH &amp; Co. KG, \u00fcber den Gesch\u00e4fts\u00fcbergang.<\/p>\n\n\n\n<p class=\"has-text-align-center\"><strong>\u00dcber Walser GmbH, Eschweiler<\/strong><\/p>\n\n\n\n<p class=\"has-text-align-center\">Die Walser GmbH ist eine neu gegr\u00fcndete Schwesterfirma der Wiltec Wildanger Technik GmbH. Ihr Fokus liegt auf der Fortf\u00fchrung und dem Ausbau der Gesch\u00e4ftst\u00e4tigkeiten der Walser GmbH &amp; Co. KG, Gersthofen. Gemeinsam mit der Wiltec Wildanger Technik GmbH bringt sie umfassende Expertise und eine starke Marktpr\u00e4senz in den technischen Versandhandel ein.<\/p>\n\n\n\n<p class=\"has-text-align-center\"><strong>\u00dcber Wiltec Wildanger Technik GmbH<\/strong><\/p>\n\n\n\n<p class=\"has-text-align-center\">Die Wiltec Wildanger Technik GmbH ist ein 2001 in Eschweiler bei Aachen gegr\u00fcndetes, etabliertes Unternehmen im technischen Versandhandel, das sich durch Innovation, Kundenn\u00e4he und ein breites Produktspektrum auszeichnet. Mit der Integration der Walser GmbH &amp; Co. KG erweitert die Wiltec-Gruppe ihr Leistungsspektrum und baut ihre Marktstellung weiter aus. Die Wiltec besch\u00e4ftigt derzeit ca. 230 Mitarbeiter und versendet europaweit ca. 1,8 Millionen Pakete pro Jahr.<\/p>\n\n\n\n<p class=\"has-text-align-center\"><strong>Was ver\u00e4ndert sich f\u00fcr Sie als Kunden ab dem 01. Oktober 2024?<\/strong><\/p>\n\n\n\n<p class=\"has-text-align-center\">Der Gesch\u00e4ftsbetrieb der Walser GmbH &amp; Co. KG mit Sitz in Gersthofen wird zum 23.09.2024 eingestellt und es werden keine neuen Kundenbestellungen mehr aufgenommen. Bestellungen vor diesem Zeitraum werden selbstverst\u00e4ndlich unver\u00e4ndert bearbeitet und ausgeliefert. Der Versand ab Eschweiler wird voraussichtlich ab dem 07.10.2024 beginnen. \u00dcber den genauen Zeitpunkt werden wir Sie informieren.<\/p>\n\n\n\n<p class=\"has-text-align-center\">Neue Service Telefonnummer: 02403 \u2013 97241 00<\/p>\n\n\n\n<p class=\"has-text-align-center\">Neue Service E-Mail-Adresse: service@fotowalser.de<\/p>\n\n\n\n<p><\/p>\n","protected":false},"excerpt":{"rendered":"<p>R\u00fccksendungen Sehr geehrte Kundin, sehr geehrter Kunde, um Ihre R\u00fccksendung von Reparaturware m\u00f6glichst effizient bearbeiten zu k\u00f6nnen, bitten wir Sie, sich zun\u00e4chst per E-Mail an\u00a0service@fotowalser.de\u00a0zu wenden. Geben Sie dort bitte eine detaillierte Beschreibung des Problems an, damit wir Ihnen eine RMA-Nummer (Warenr\u00fccksendegenehmigungs-Nummer) zuweisen k\u00f6nnen. Bitte beachten Sie, dass nur Waren innerhalb der Garantiezeit eingesendet werden [&hellip;]<\/p>\n","protected":false},"author":1,"featured_media":14,"parent":0,"menu_order":0,"comment_status":"closed","ping_status":"closed","template":"","meta":{"footnotes":""},"class_list":["post-2","page","type-page","status-publish","has-post-thumbnail","hentry"],"_links":{"self":[{"href":"https:\/\/www.walser.de\/index.php\/wp-json\/wp\/v2\/pages\/2","targetHints":{"allow":["GET"]}}],"collection":[{"href":"https:\/\/www.walser.de\/index.php\/wp-json\/wp\/v2\/pages"}],"about":[{"href":"https:\/\/www.walser.de\/index.php\/wp-json\/wp\/v2\/types\/page"}],"author":[{"embeddable":true,"href":"https:\/\/www.walser.de\/index.php\/wp-json\/wp\/v2\/users\/1"}],"replies":[{"embeddable":true,"href":"https:\/\/www.walser.de\/index.php\/wp-json\/wp\/v2\/comments?post=2"}],"version-history":[{"count":9,"href":"https:\/\/www.walser.de\/index.php\/wp-json\/wp\/v2\/pages\/2\/revisions"}],"predecessor-version":[{"id":45,"href":"https:\/\/www.walser.de\/index.php\/wp-json\/wp\/v2\/pages\/2\/revisions\/45"}],"wp:featuredmedia":[{"embeddable":true,"href":"https:\/\/www.walser.de\/index.php\/wp-json\/wp\/v2\/media\/14"}],"wp:attachment":[{"href":"https:\/\/www.walser.de\/index.php\/wp-json\/wp\/v2\/media?parent=2"}],"curies":[{"name":"wp","href":"https:\/\/api.w.org\/{rel}","templated":true}]}}

Die WALSER GmbH &amp; Co. KG hat ihren Geschäftsbetrieb eingestellt

<div style="height:100px" aria-hidden="true" class="wp-block-spacer"></div>



<h2 class="wp-block-heading has-text-align-center">Rücksendungen</h2>



<p class="has-text-align-center">Sehr geehrte Kundin, sehr geehrter Kunde,</p>



<p class="has-text-align-center">um Ihre Rücksendung von Reparaturware möglichst effizient bearbeiten zu können, bitten wir Sie, sich zunächst per E-Mail an <strong><a href="mailto:service@fotowalser.com">service@fotowalser.de</a></strong> zu wenden. Geben Sie dort bitte eine detaillierte Beschreibung des Problems an, damit wir Ihnen eine RMA-Nummer (Warenrücksendegenehmigungs-Nummer) zuweisen können. Bitte beachten Sie, dass nur Waren innerhalb der Garantiezeit eingesendet werden dürfen bzw. bearbeitet werden. </p>



<p class="has-text-align-center">Bitte beachten Sie, dass Rücksendungen ohne vorherige RMA-Nummer leider nicht angenommen werden können.&nbsp;</p>



<p class="has-text-align-center"><strong>Für Walser Autositzbezüge und Zubehör sind wir nicht der richtige Ansprechpartner. Bitte wenden Sie sich an die&nbsp;<u><a href="https://www.walser-shop.com/ueber-walser/impressum/">Walser GmbH Österreich</a>.</u></strong></p>



<p class="has-text-align-center">Vielen Dank für Ihr Verständnis und Ihre Mithilfe.</p>



<p class="has-text-align-center">Mit freundlichen Grüßen</p>



<p class="has-text-align-center"><strong>Ihre<br>Walser GmbH &amp; Co. KG</strong></p>



<p></p>



<div style="height:100px" aria-hidden="true" class="wp-block-spacer"></div>



<p></p>



<p></p>



<p></p>



<h2 class="wp-block-heading has-text-align-center">Pressemitteilung</h2>



<p class="has-text-align-center">Eschweiler, 17.09.2024</p>



<p class="has-text-align-center"><strong><u>Walser GmbH (Eschweiler) übernimmt die Geschäftstätigkeit der Walser GmbH &amp; Co. KG (Gersthofen) zum 01. Oktober 2024</u></strong></p>



<p class="has-text-align-center">Die Walser GmbH, eine neu gegründete Schwesterfirma der Wiltec Wildanger Technik GmbH, hat die Walser GmbH &amp; Co. KG mit Sitz in Gersthofen übernommen. Mit dieser Übernahme wird die Walser GmbH &amp; Co. KG unter der Leitung der Walser GmbH fortgeführt. Diese strategische Akquisition markiert einen wichtigen Meilenstein für beide Unternehmen und unterstreicht die Expansionspläne der Unternehmensgruppe.</p>



<p class="has-text-align-center">Bernd Wildanger, Geschäftsführer der Wiltec Wildanger Technik GmbH, sieht in dieser Übernahme ein bedeutendes Wachstumspotenzial: „Mit der Gründung der Walser GmbH und der Integration der Walser GmbH &amp; Co. KG werden wir unsere Kompetenzen und Ressourcen effizient bündeln, um in Zukunft noch leistungsfähiger und kundenorientierter zu agieren. Wir freuen uns darauf, das erfolgreiche Geschäft der Walser GmbH &amp; Co. KG weiterzuführen und weiter auszubauen.“</p>



<p class="has-text-align-center">Die Walser GmbH wird die bestehenden Geschäftsprozesse der Walser GmbH &amp; Co. KG in Gersthofen – nahezu nahtlos – weiterführen und ihren Kunden weiterhin den gewohnten hohen Qualitätsstandard bieten. Durch die enge Zusammenarbeit mit der Wiltec Wildanger Technik GmbH, einem führenden Unternehmen im technischen Versandhandel, wird die Walser GmbH ihre Marktposition weiter festigen und neue Chancen in der Branche erschließen.</p>



<p class="has-text-align-center">„Die Übernahme durch die Walser GmbH und die Zusammenarbeit mit der Wiltec Wildanger Technik GmbH eröffnet uns neue Perspektiven und Möglichkeiten, unser Geschäft weiterzuentwickeln. Durch die Integration in die Walser GmbH werden wir in der Lage sein, unsere bewährten Strukturen und unser Know-how mit der Dynamik und Innovationskraft unserer neuen Partner zu kombinieren. Ich bin überzeugt, dass diese Synergie unseren Kunden und Partnern zusätzliche Vorteile bringen und uns gemeinsam auf Erfolgskurs halten wird. Es ist ein aufregender Schritt in eine vielversprechende Zukunft.“ sagt Niclas Walser, Geschäftsführer und Inhaber der Walser GmbH &amp; Co. KG, über den Geschäftsübergang.</p>



<p class="has-text-align-center"><strong>Über Walser GmbH, Eschweiler</strong></p>



<p class="has-text-align-center">Die Walser GmbH ist eine neu gegründete Schwesterfirma der Wiltec Wildanger Technik GmbH. Ihr Fokus liegt auf der Fortführung und dem Ausbau der Geschäftstätigkeiten der Walser GmbH &amp; Co. KG, Gersthofen. Gemeinsam mit der Wiltec Wildanger Technik GmbH bringt sie umfassende Expertise und eine starke Marktpräsenz in den technischen Versandhandel ein.</p>



<p class="has-text-align-center"><strong>Über Wiltec Wildanger Technik GmbH</strong></p>



<p class="has-text-align-center">Die Wiltec Wildanger Technik GmbH ist ein 2001 in Eschweiler bei Aachen gegründetes, etabliertes Unternehmen im technischen Versandhandel, das sich durch Innovation, Kundennähe und ein breites Produktspektrum auszeichnet. Mit der Integration der Walser GmbH &amp; Co. KG erweitert die Wiltec-Gruppe ihr Leistungsspektrum und baut ihre Marktstellung weiter aus. Die Wiltec beschäftigt derzeit ca. 230 Mitarbeiter und versendet europaweit ca. 1,8 Millionen Pakete pro Jahr.</p>



<p class="has-text-align-center"><strong>Was verändert sich für Sie als Kunden ab dem 01. Oktober 2024?</strong></p>



<p class="has-text-align-center">Der Geschäftsbetrieb der Walser GmbH &amp; Co. KG mit Sitz in Gersthofen wird zum 23.09.2024 eingestellt und es werden keine neuen Kundenbestellungen mehr aufgenommen. Bestellungen vor diesem Zeitraum werden selbstverständlich unverändert bearbeitet und ausgeliefert. Der Versand ab Eschweiler wird voraussichtlich ab dem 07.10.2024 beginnen. Über den genauen Zeitpunkt werden wir Sie informieren.</p>



<p class="has-text-align-center">Neue Service Telefonnummer: 02403 – 97241 00</p>



<p class="has-text-align-center">Neue Service E-Mail-Adresse: service@fotowalser.de</p>



<p></p>

<p>Rücksendungen Sehr geehrte Kundin, sehr geehrter Kunde, um Ihre Rücksendung von Reparaturware möglichst effizient bearbeiten zu können, bitten wir Sie, sich zunächst per E-Mail an service@fotowalser.de zu wenden. Geben Sie dort bitte eine detaillierte Beschreibung des Problems an, damit wir Ihnen eine RMA-Nummer (Warenrücksendegenehmigungs-Nummer) zuweisen können. Bitte beachten Sie, dass nur Waren innerhalb der Garantiezeit eingesendet werden [&hellip;]</p>
